 base 12, what is a7 + -12?
95
In base 11, what is 4 - -31?
35
In base 3, what is 111 - -2201110?
2201221
In base 13, what is -177 - 1?
-178
In base 7, what is -55 + 52?
-3
In base 8, what is 1 - -5?
6
In base 3, what is -112 + 201?
12
In base 5, what is -1421 + -10?
-1431
In base 10, what is -1 + 424?
423
In base 7, what is -60 - 20?
-110
In base 2, what is -11110110 + 100?
-11110010
In base 7, what is -232 + -10?
-242
In base 12, what is 1 - 156?
-155
In base 5, what is -202 - -2?
-200
In base 6, what is -1110 + 13?
-1053
In base 10, what is 197 - -7?
204
In base 3, what is -202 + -22?
-1001
In base 15, what is 0 - 345?
-345
In base 4, what is 2233210 - 2?
2233202
In base 4, what is -100013 + 10?
-100003
In base 13, what is 25 + -1a?
8
In base 8, what is -4 + -1752?
-1756
In base 10, what is -2581 + 3?
-2578
In base 5, what is 1121 + -2?
1114
In base 5, what is -10 - 143?
-203
In base 7, what is 146 - 23?
123
In base 11, what is 23 + 8?
30
In base 6, what is -5 - -1453?
1444
In base 12, what is 8 - -160?
168
In base 7, what is 1 - 331?
-330
In base 13, what is -2 + 1366?
1364
In base 11, what is -2a + 4?
-26
In base 10, what is -3858 - -4?
-3854
In base 7, what is -12 - 4?
-16
In base 15, what is -d + -11?
-1e
In base 9, what is 61 - -374?
445
In base 5, what is -34 + 2202?
2113
In base 11, what is -171 + 0?
-171
In base 8, what is 14 - 10?
4
In base 12, what is -aa - -b?
-9b
In base 2, what is -1000011101 + 1?
-1000011100
In base 8, what is -3 - 216?
-221
In base 4, what is 233 + -23?
210
In base 4, what is 0 + -232130?
-232130
In base 13, what is 3 - -2?
5
In base 5, what is -103331 + -4?
-103340
In base 8, what is 132 + -354?
-222
In base 12, what is 60 - -3?
63
In base 10, what is 4 + -110?
-106
In base 6, what is -2505 - 5?
-2514
In base 12, what is -3 + -19?
-20
In base 16, what is -4 + -2cb?
-2cf
In base 15, what is -1 - -147b?
147a
In base 10, what is 2 - -2622?
2624
In base 2, what is 110000010101110 - -10?
110000010110000
In base 9, what is 4 - -1051?
1055
In base 8, what is 35 - 131?
-74
In base 10, what is -9 + -43?
-52
In base 7, what is -410 - 4?
-414
In base 9, what is 435 - 8?
426
In base 11, what is 4 - -157?
160
In base 5, what is 1211 + -13?
1143
In base 5, what is -124404 + 1?
-124403
In base 5, what is -1 - 13?
-14
In base 2, what is -1 - -11010?
11001
In base 11, what is 10 + 59?
69
In base 16, what is -503 - 1?
-504
In base 5, what is -114 + 403?
234
In base 8, what is 5 + 267?
274
In base 12, what is 92 + -60?
32
In base 13, what is -12 - -1c?
a
In base 15, what is c6 + -3?
c3
In base 8, what is 5 + 1245?
1252
In base 3, what is -2101 - 102?
-2210
In base 9, what is 0 - -238?
238
In base 15, what is -5 + 28?
23
In base 3, what is -12012022 - -2?
-12012020
In base 5, what is 4443 - 10?
4433
In base 12, what is -266 - 5?
-26b
In base 13, what is 0 - 12b9?
-12b9
In base 10, what is -5 - -3501?
3496
In base 7, what is 3 - 100?
-64
In base 7, what is -1 + 66?
65
In base 3, what is -12022210 + -10?
-12022220
In base 8, what is 160 - 4?
154
In base 2, what is -10 - -1001001110?
1001001100
In base 3, what is -11 - -1100210?
1100122
In base 14, what is 40 - -9b?
db
In base 3, what is 21 + 11121011?
11121102
In base 7, what is 1 + 505?
506
In base 13, what is 4 - 76?
-72
In base 6, what is -404515 - -1?
-404514
In base 11, what is -14 + -30?
-44
In base 2, what is 11 + -10100?
-10001
In base 9, what is -63 + -30?
-103
In base 3, what is -100021100 + 10?
-100021020
In base 7, what is 2451 - 42?
2406
In base 5, what is -13 - 0?
-13
In base 2, what is -11 + 100100001?
100011110
In base 3, what is 101 - 10221?
-10120
In base 5, what is -11 + 131?
120
In base 4, what is -21 + -112010?
-112031
In base 9, what is 63073 + -2?
63071
In base 11, what is 10 + 97?
a7
In base 9, what is -602 + 5?
-586
In base 7, what is 5 + 245?
253
In base 3, what is -1001 - -1011?
10
In base 11, what is a1 + 69?
15a
In base 3, what is -2 - 2000?
-2002
In base 15, what is -2 - -353?
351
In base 10, what is 3436 - 0?
3436
In base 8, what is 14 - 744?
-730
In base 6, what is -3 + 444?
441
In base 8, what is -210 - -3?
-205
In base 10, what is 2 + -25?
-23
In base 15, what is -1670 + 1?
-166e
In base 5, what is -10 - 1332?
-1342
In base 3, what is -2 + 2111?
2102
In base 10, what is 276 + 1?
277
In base 16, what is -6 - -5?
-1
In base 6, what is -1 - -203?
202
In base 9, what is 56 + -2?
54
In base 6, what is 1402 + 0?
1402
In base 3, what is -101 - 10121102?
-10121210
In base 11, what is -195 + -4?
-199
In base 5, what is 2 + 102?
104
In base 3, what is 2221202 - 0?
2221202
In base 15, what is -19 - ee?
-118
In base 16, what is -1347 - -1?
-1346
In base 13, what is c5 + -2?
c3
In base 16, what is -1b + 32?
17
In base 15, what is 5 - -d23?
d28
In base 12, what is 170 - 4?
168
In base 7, what is -1 - 5633?
-5634
In base 7, what is -4 + 56?
52
In base 9, what is -22402 - 1?
-22403
In base 13, what is -150 + 8?
-145
In base 12, what is 1 - -3b?
40
In base 10, what is 34 + 7?
41
In base 15, what is -13 - 1?
-14
In base 16, what is -9 - -1a?
11
In base 16, what is -11a + -3?
-11d
In base 13, what is 3 + 13?
16
In base 10, what is -8 - -431?
423
In base 10, what is 1 - -70?
71
In base 3, what is -202102 - -1?
-202101
In base 7, what is -254 - 2?
-256
In base 2, what is -1001 - 11100110001?
-11100111010
In base 16, what is -4 - 7f?
-83
In base 11, what is 4 + 85?
89
In base 9, what is 10 - 2?
7
In base 12, what is b - 7?
4
In base 14, what is 414 + -2?
412
In base 4, what is -203 - 1101?
-1310
In base 11, what is 0 - 110?
-110
In base 12, what is 878 + -5?
873
In base 12, what is 13 + 0?
13
In base 5, what is -424 + 234?
-140
In base 15, what is 86 - 0?
86
In base 16, what is -2 + 2b2?
2b0
In base 15, what is 0 + 29?
29
In base 9, what is 22 + -800?
-767
In base 5, what is 14 - 11042?
-11023
In base 7, what is -42 - 10?
-52
In base 15, what is 41 + -d?
33
In base 9, what is 24 - -665?
700
In base 5, what is 3 - -10414?
10422
In base 10, what is -440 + -4?
-444
In base 13, what is -aa0 + -3?
-aa3
In base 9, what is 46651 + 0?
46651
In base 13, what is 28 + 39?
64
In base 13, what is 0 + 2865?
2865
In base 4, what is -2211 - -3?
-2202
In base 16, what is -2 + 760?
75e
In base 2, what is 110111110 - -11?
111000001
In base 7, what is -10064 + 5?
-10056
In base 4, what is -220 + -20?
-300
In base 5, what is 4 + 42?
101
In base 9, what is -1 - 68?
-70
In base 12, what is 6447 + 0?
6447
In base 6, what is -40 - -25?
-11
In base 10, what is 117 - -5?
122
In base 12, what is -1043 + 1?
-1042
In base 15, what is -d + -31?
-3e
In base 7, what is -40 + -1?
-41
In base 4, what is 320 + 0?
320
In base 12, what is -439b - -5?
-4396
In base 2, what is -110010000 - 100?
-110010100
In base 7, what is -5 + 30?
22
In base 14, what is -5 - -33?
2c
In base 13, what is 0 + 1c?
1c
In base 8, what is 51 + 33?
104
In base 12, what is -30 - -3?
-29
In base 11, what is 19 + 17?
35
In base 11, what is 688 - -1?
689
In base 11, what is 3 - 50a?
-507
In base 8, what is 10 + -154?
-144
In base 4, what is -3321011 + -11?
-3321022
In base 5, what is -433 - 3?
-441
In base 14, what is 831 + 1?
832
In base 7, what is 40 + -11?
26
In base 10, what is -646 + 5?
-641
In base 10, what is 479 - 25?
454
In base 2, what is -101 - 110?
-1011
In base 3, what is -210120 - 110?
-211000
In base 5, what is -1332 + 2?
-1330
In base 8, what is 145 - -72?
237
In base 9, what is 15 - -115?
131
In base 9, what is 35 - 5?
30
In base 4, what is 11230 - -11?
11301
In base 7, what is -6 - -12636?
12630
In base 10, what is -405 - 4?
-409
In base 4, what is -3 + 32010?
32001
In base 4, what is -233 + 2?
-231
In base 16, what is 2 - -bd6?
bd8
In base 15, what is -8 + 7c?
74
In base 7, what is -1 + 640?
636
In base 8, what is 225 + -3?
222
In base 7, what is 33 + -3?
30
In base 12, what is -2 + -b4?
-b6
In base 6, what is 21252 + 4?
21300
In base 4, what is 23 + 222?
311
In base 3, what is -22 - 1120?
-1212
In base 3, what is -2 + 20220?
20211
In base 8, what is 605 + -3?
602
In base 5, what is 10 + 24310?
24320
In base 12, what is 4 - -1150?
1154
In base 7, what is -14 + -26?
-43
In base 4, what is 12 - 332?
-320
In base 5, what is -3202 + -2?
-3204
In base 3, what is 110 + 11211?
12021
In base 14, what is -2b1 - 5?
-2b6